e prime factors of 66183301?
66183301
List the prime factors of 223353355.
5, 73, 611927
List the prime factors of 62354805.
3, 5, 37, 283, 397
List the prime factors of 2746330992.
2, 3, 19071743
List the prime factors of 3859939393.
1997, 1932869
List the prime factors of 216105601.
19, 11373979
List the prime factors of 228867466.
2, 10253, 11161
What are the prime factors of 89515646?
2, 11, 4068893
What are the prime factors of 4047947963?
37, 109403999
What are the prime factors of 117062208?
2, 3, 203233
List the prime factors of 40281704.
2, 17, 241, 1229
What are the prime factors of 786955187?
25997, 30271
List the prime factors of 476157482.
2, 4273, 55717
List the prime factors of 59125905.
3, 5, 101, 13009
List the prime factors of 2722819492.
2, 37, 18397429
List the prime factors of 28638679.
28638679
What are the prime factors of 762002087?
7, 11, 19, 37, 2011
List the prime factors of 170624591.
661, 258131
List the prime factors of 107119236.
2, 3, 7, 1021, 1249
List the prime factors of 1404653087.
1404653087
List the prime factors of 28476779.
28476779
List the prime factors of 772369019.
19, 40651001
What are the prime factors of 150718883?
7, 21531269
List the prime factors of 325955145.
3, 5, 2411, 9013
List the prime factors of 459449754.
2, 3, 19, 43, 4933
List the prime factors of 32582567.
32582567
List the prime factors of 260780753.
260780753
List the prime factors of 142454227.
43, 47, 70487
What are the prime factors of 3042620719?
173, 881, 19963
What are the prime factors of 2930654201?
2930654201
What are the prime factors of 184612635?
3, 5, 1367501
List the prime factors of 359520670.
2, 5, 35952067
What are the prime factors of 18618487?
2539, 7333
What are the prime factors of 208402749?
3, 23155861
What are the prime factors of 200415315?
3, 5, 13361021
What are the prime factors of 176192136?
2, 3, 1091, 2243
List the prime factors of 782993130.
2, 3, 5, 59, 277, 1597
List the prime factors of 22425596.
2, 5606399
List the prime factors of 43481926.
2, 21740963
What are the prime factors of 32776070?
2, 5, 3277607
What are the prime factors of 126395779?
126395779
What are the prime factors of 336557251?
336557251
List the prime factors of 781839327.
3, 260613109
What are the prime factors of 4269398075?
5, 131, 1303633
List the prime factors of 2197399060.
2, 5, 109869953
What are the prime factors of 772324611?
3, 67, 3842411
What are the prime factors of 76345168?
2, 29, 137, 1201
What are the prime factors of 1348533305?
5, 7, 107, 360089
List the prime factors of 3442284926.
2, 23, 103, 726527
What are the prime factors of 498593215?
5, 99718643
List the prime factors of 277992389.
79, 3518891
What are the prime factors of 115862047?
7, 29, 19681
List the prime factors of 39479557.
13, 643, 4723
What are the prime factors of 328707119?
13, 25285163
List the prime factors of 412864220.
2, 5, 20643211
List the prime factors of 15931609.
443, 35963
What are the prime factors of 2763192816?
2, 3, 19188839
List the prime factors of 6791072.
2, 23, 9227
What are the prime factors of 43147640?
2, 5, 1078691
List the prime factors of 1161435431.
13, 1217, 5647
What are the prime factors of 892580590?
2, 5, 11, 8114369
What are the prime factors of 5637360159?
3, 113, 239, 859
What are the prime factors of 341271923?
17, 331, 60649
What are the prime factors of 3859612001?
7, 29, 643, 29569
List the prime factors of 7176943893.
3, 7, 991, 344863
List the prime factors of 57887319.
3, 7, 19, 59, 2459
What are the prime factors of 827720749?
131, 173, 36523
What are the prime factors of 470966705?
5, 11, 8563031
What are the prime factors of 1666769615?
5, 7, 47621989
List the prime factors of 8569999349.
8569999349
What are the prime factors of 39959784?
2, 3, 184999
List the prime factors of 91856654.
2, 1721, 26687
List the prime factors of 214961997.
3, 71653999
List the prime factors of 23289672.
2, 3, 7, 138629
List the prime factors of 37896197.
37896197
List the prime factors of 7502502.
2, 3, 7, 73, 2447
What are the prime factors of 67074506?
2, 29, 1156457
What are the prime factors of 37755796?
2, 13, 29, 25037
What are the prime factors of 48607711?
3671, 13241
What are the prime factors of 2515163?
7, 19, 18911
What are the prime factors of 303519947?
303519947
List the prime factors of 23864772.
2, 3, 1193, 1667
What are the prime factors of 36749717?
36749717
What are the prime factors of 184503637?
184503637
List the prime factors of 223588899.
3, 2389, 10399
List the prime factors of 348904096.
2, 41, 101, 2633
List the prime factors of 2944345602.
2, 3, 11, 19, 191, 647
List the prime factors of 80926803.
3, 367, 8167
What are the prime factors of 62935848?
2, 3, 874109
What are the prime factors of 117636766?
2, 13, 23, 196717
What are the prime factors of 279878705?
5, 331, 169111
What are the prime factors of 56764150?
2, 5, 1135283
What are the prime factors of 1890379081?
61, 30989821
What are the prime factors of 5587699?
13, 429823
What are the prime factors of 3655232312?
2, 19, 23, 1045547
What are the prime factors of 1613070871?
149, 10825979
What are the prime factors of 159470961?
3, 13, 43, 95093
What are the prime factors of 1094571844?
2, 251, 1090211
What are the prime factors of 705493172?
2, 176373293
List the prime factors of 436970133.
3, 359, 5009
List the prime factors of 3130913284.
2, 139, 607, 9277
What are the prime factors of 60003608?
2, 7, 17, 63029
What are the prime factors of 205617293?
7, 653, 44983
List the prime factors of 114863373.
3, 17, 251, 997
What are the prime factors of 34458524?
2, 17, 506743
What are the prime factors of 67716691?
7, 9673813
What are the prime factors of 5626003249?
79, 71215231
List the prime factors of 172157253.
3, 29, 709, 2791
List the prime factors of 84977642.
2, 587, 72383
What are the prime factors of 2037024799?
571, 3567469
List the prime factors of 1023562971.
3, 2447, 46477
List the prime factors of 1258781482.
2, 7, 29, 53, 61, 137
List the prime factors of 192253923.
3, 47, 454501
What are the prime factors of 163111?
13, 12547
List the prime factors of 913442842.
2, 13, 137, 256441
List the prime factors of 93428028.
2, 3, 73, 487
What are the prime factors of 1447608077?
7177, 201701
What are the prime factors of 60033645?
3, 5, 7, 190583
List the prime factors of 55702793.
55702793
What are the prime factors of 827228007?
3, 17, 5406719
List the prime factors of 30421748.
2, 7, 269, 577
What are the prime factors of 32717611?
32717611
What are the prime factors of 90671424?
2, 3, 472247
What are the prime factors of 130227481?
101, 1289381
What are the prime factors of 503057690?
2, 5, 50305769
What are the prime factors of 9031786?
2, 4515893
What are the prime factors of 2019975878?
2, 1009987939
List the prime factors of 160277783.
160277783
List the prime factors of 346618190.
2, 5, 3833, 9043
List the prime factors of 4702304682.
2, 3, 61, 4282609
List the prime factors of 338858030.
2, 5, 7, 41, 101, 167
List the prime factors of 113320773.
3, 12591197
What are the prime factors of 2137167946?
2, 1068583973
List the prime factors of 357676600.
2, 5, 17, 105199
What are the prime factors of 3450222?
2, 3, 181, 353
List the prime factors of 25221805.
5, 7, 163, 4421
List the prime factors of 35658051.
3, 11, 13, 43, 1933
List the prime factors of 263398247.
7, 37628321
List the prime factors of 163984144.
2, 10249009
List the prime factors of 1192955822.
2, 89, 191, 35089
List the prime factors of 20202380.
2, 5, 11, 229, 401
What are the prime factors of 172207769?
172207769
What are the prime factors of 165121780?
2, 5, 19, 571, 761
List the prime factors of 104580893.
1997, 52369
What are the prime factors of 2469696072?
2, 3, 2473, 41611
List the prime factors of 2002642747.
7, 286091821
What are the prime factors of 102835319?
73, 1408703
List the prime factors of 85379116.
2, 3041, 7019
What are the prime factors of 904573031?
904573031
List the prime factors of 837362784.
2, 3, 67, 211, 617
What are the prime factors of 3761873129?
7, 179, 428899
List the prime factors of 2887206291.
3, 320800699
What are the prime factors of 1405196072?
2, 7, 19, 127, 10399
List the prime factors of 2284205853.